{"id":685,"date":"2023-05-26T00:02:32","date_gmt":"2023-05-26T03:02:32","guid":{"rendered":"https:\/\/rccdf.org.br\/site\/?page_id=685"},"modified":"2023-05-26T00:09:12","modified_gmt":"2023-05-26T03:09:12","slug":"ministerio-para-as-familias","status":"publish","type":"page","link":"https:\/\/rccdf.org.br\/site\/ministerio-para-as-familias\/","title":{"rendered":"Minist\u00e9rio para as Fam\u00edlias"},"content":{"rendered":"\t\t<div data-elementor-type=\"wp-page\" data-elementor-id=\"685\" class=\"elementor elementor-685\" data-elementor-post-type=\"page\">\n\t\t\t\t<div class=\"elementor-element elementor-element-7fa1ec5 e-flex e-con-boxed e-con e-parent\" data-id=\"7fa1ec5\" data-element_type=\"container\" data-e-type=\"container\">\n\t\t\t\t\t<div class=\"e-con-inner\">\n\t\t\t\t\t<\/div>\n\t\t\t\t<\/div>\n\t\t<div class=\"elementor-element elementor-element-5845aae e-flex e-con-boxed e-con e-parent\" data-id=\"5845aae\" data-element_type=\"container\" data-e-type=\"container\">\n\t\t\t\t\t<div class=\"e-con-inner\">\n\t\t\t\t<div class=\"elementor-element elementor-element-cae23b1 e-transform elementor-widget elementor-widget-image\" data-id=\"cae23b1\" data-element_type=\"widget\" data-e-type=\"widget\" data-settings=\"{&quot;_transform_scaleX_effect&quot;:{&quot;unit&quot;:&quot;px&quot;,&quot;size&quot;:1,&quot;sizes&quot;:[]},&quot;_transform_scaleY_effect&quot;:{&quot;unit&quot;:&quot;px&quot;,&quot;size&quot;:0.90000000000000002220446049250313080847263336181640625,&quot;sizes&quot;:[]},&quot;_transform_scaleX_effect_tablet&quot;:{&quot;unit&quot;:&quot;px&quot;,&quot;size&quot;:&quot;&quot;,&quot;sizes&quot;:[]},&quot;_transform_scaleX_effect_mobile&quot;:{&quot;unit&quot;:&quot;px&quot;,&quot;size&quot;:&quot;&quot;,&quot;sizes&quot;:[]},&quot;_transform_scaleY_effect_tablet&quot;:{&quot;unit&quot;:&quot;px&quot;,&quot;size&quot;:&quot;&quot;,&quot;sizes&quot;:[]},&quot;_transform_scaleY_effect_mobile&quot;:{&quot;unit&quot;:&quot;px&quot;,&quot;size&quot;:&quot;&quot;,&quot;sizes&quot;:[]}}\" data-widget_type=\"image.default\">\n\t\t\t\t<div class=\"elementor-widget-container\">\n\t\t\t\t\t\t\t\t\t\t\t\t\t\t\t<img fetchpriority=\"high\" decoding=\"async\" width=\"1140\" height=\"400\" src=\"https:\/\/rccdf.org.br\/site\/wp-content\/uploads\/2023\/05\/Banners-familias.png\" class=\"attachment-full size-full wp-image-687\" alt=\"\" srcset=\"https:\/\/rccdf.org.br\/site\/wp-content\/uploads\/2023\/05\/Banners-familias.png 1140w, https:\/\/rccdf.org.br\/site\/wp-content\/uploads\/2023\/05\/Banners-familias-600x211.png 600w, https:\/\/rccdf.org.br\/site\/wp-content\/uploads\/2023\/05\/Banners-familias-300x105.png 300w, https:\/\/rccdf.org.br\/site\/wp-content\/uploads\/2023\/05\/Banners-familias-1024x359.png 1024w, https:\/\/rccdf.org.br\/site\/wp-content\/uploads\/2023\/05\/Banners-familias-768x269.png 768w\" sizes=\"(max-width: 1140px) 100vw, 1140px\" \/>\t\t\t\t\t\t\t\t\t\t\t\t\t\t\t<\/div>\n\t\t\t\t<\/div>\n\t\t\t\t\t<\/div>\n\t\t\t\t<\/div>\n\t\t<div class=\"elementor-element elementor-element-1506392 e-flex e-con-boxed e-con e-parent\" data-id=\"1506392\" data-element_type=\"container\" data-e-type=\"container\">\n\t\t\t\t\t<div class=\"e-con-inner\">\n\t\t\t\t<div class=\"elementor-element elementor-element-782d6a4 elementor-widget elementor-widget-text-editor\" data-id=\"782d6a4\" data-element_type=\"widget\" data-e-type=\"widget\" data-widget_type=\"text-editor.default\">\n\t\t\t\t<div class=\"elementor-widget-container\">\n\t\t\t\t\t\t\t\t\t<p>O Catecismo da Igreja Cat\u00f3lica (CIC) \u2013 documento onde h\u00e1 todas as instru\u00e7\u00f5es necess\u00e1rias para o conhecimento e viv\u00eancia da F\u00e9 Cat\u00f3lica, no par\u00e1grafo 2204, conceitua a fam\u00edlia crist\u00e3 como uma revela\u00e7\u00e3o e atua\u00e7\u00e3o espec\u00edfica da comunh\u00e3o eclesial, que tamb\u00e9m, por isso, se pode e deve chamar Igreja Dom\u00e9stica. \u201c\u00c9 uma comunidade de f\u00e9, de esperan\u00e7a e de caridade. Na Igreja, ela tem uma import\u00e2ncia singular\u201d.<br \/><span style=\"color: var( --e-global-color-text );\"><br \/>A Igreja Cat\u00f3lica ainda cita no livro que um homem e uma mulher unidos em casamento formam com seus filhos uma fam\u00edlia (par\u00e1grafo 2202 do CIC).<br \/><\/span><span style=\"color: var( --e-global-color-text );\"><br \/>Em Bras\u00edlia, o trabalho pastoral voltado para as fam\u00edlias \u00e9 feito, na RCC e\u00a0<\/span><span style=\"color: var( --e-global-color-text );\">age de acordo com a realidade local de cada cidade e em comunh\u00e3o com o Bispo e o p\u00e1roco. Os projetos s\u00e3o desenvolvidos conforme orienta\u00e7\u00f5es contidas no projeto Nacional para o Minist\u00e9rio das Fam\u00edlias, editado pela RCC. \u201cS\u00e3o feitas atividades espec\u00edficas dando \u00eanfase ao acompanhamento e escuta de casais, jovens vocacionados \u00e0 vida familiar, aos vi\u00favos e \u00e0s fam\u00edlias incompletas, motivando os mesmos a participarem do Grupo de Ora\u00e7\u00e3o em sua regi\u00e3o\u201d, afirma Valdo Landim que j\u00e1 coordenou o\u00a0 minist\u00e9rio para as fam\u00edlias nacionalmente.<\/span><\/p><p><span style=\"color: var( --e-global-color-text );\"><br \/>De acordo com a realidade de cada local, em comunh\u00e3o com o Bispo e com P\u00e1roco, procuramos desenvolver, conforme orienta\u00e7\u00f5es contidas no Projeto Nacional para o Minist\u00e9rio para as Fam\u00edlias, atividades espec\u00edficas dando \u00eanfase a escuta, acompanhamento e escuta de casais, jovens vocacionados \u00e0 vida familiar, aos vi\u00favos e \u00e0s fam\u00edlias incompletas, motivando os mesmos a participarem do Grupo de Ora\u00e7\u00e3o em sua regi\u00e3o.<br \/><\/span><span style=\"color: var( --e-global-color-text );\"><br \/>Os atuais desafios para o minist\u00e9rio s\u00e3o a implanta\u00e7\u00e3o do mesmo em todos os Setores do Distrito Federal e o desempenho de atividades em cada Setor por meio da lideran\u00e7a a n\u00edvel setorial.<br \/><\/span><span style=\"color: var( --e-global-color-text );\"><br \/>O minist\u00e9rio representa uma grande oportunidade de se trabalhar dentro das fam\u00edlias quest\u00f5es que muitas vezes tem desestruturado alguns lares, como a afetividade, sexualidade, educa\u00e7\u00e3o dos filhos e a cultura de pentecostes na vida familiar. \u201cH\u00e1, ainda, a possibilidade de convidar as fam\u00edlias para participarem do Grupo de Ora\u00e7\u00e3o\u201d, diz Sandra Landim\u00a0<\/span><span style=\"color: var( --e-global-color-text );\">que j\u00e1 coordenou o\u00a0 minist\u00e9rio para as fam\u00edlias nacionalmente.<br \/><\/span><span style=\"color: var( --e-global-color-text );\"><br \/>O lema do minist\u00e9rio para as Fam\u00edlias \u00e9 \u201cFam\u00edlia, esta \u00e9 a vit\u00f3ria que vence o mundo: a nossa f\u00e9!\u201d. Para participar do minist\u00e9rio \u00e9 bem simples. \u00c9 s\u00f3 entrar em contato com o Coordenador do Grupo de Ora\u00e7\u00e3o ou o Coordenador Setorial e posteriormente ser\u00e1 encaminhado ao respons\u00e1vel pelo minist\u00e9rio na localidade em que mora para conversar e conhecer o trabalho e a import\u00e2ncia do mesmo.<\/span><\/p>\t\t\t\t\t\t\t\t<\/div>\n\t\t\t\t<\/div>\n\t\t\t\t\t<\/div>\n\t\t\t\t<\/div>\n\t\t\t\t<\/div>\n\t\t","protected":false},"excerpt":{"rendered":"<p>O Catecismo da Igreja Cat\u00f3lica (CIC) \u2013 documento onde h\u00e1 todas as instru\u00e7\u00f5es necess\u00e1rias para o conhecimento e viv\u00eancia da F\u00e9 Cat\u00f3lica, no par\u00e1grafo 2204, conceitua a fam\u00edlia crist\u00e3 como uma revela\u00e7\u00e3o e atua\u00e7\u00e3o espec\u00edfica da comunh\u00e3o eclesial, que tamb\u00e9m, por isso, se pode e deve chamar Igreja Dom\u00e9stica. \u201c\u00c9 uma comunidade de f\u00e9, de [&hellip;]<\/p>\n","protected":false},"author":1,"featured_media":0,"parent":0,"menu_order":0,"comment_status":"closed","ping_status":"closed","template":"elementor_header_footer","meta":{"footnotes":""},"class_list":["post-685","page","type-page","status-publish","hentry"],"_links":{"self":[{"href":"https:\/\/rccdf.org.br\/site\/wp-json\/wp\/v2\/pages\/685","targetHints":{"allow":["GET"]}}],"collection":[{"href":"https:\/\/rccdf.org.br\/site\/wp-json\/wp\/v2\/pages"}],"about":[{"href":"https:\/\/rccdf.org.br\/site\/wp-json\/wp\/v2\/types\/page"}],"author":[{"embeddable":true,"href":"https:\/\/rccdf.org.br\/site\/wp-json\/wp\/v2\/users\/1"}],"replies":[{"embeddable":true,"href":"https:\/\/rccdf.org.br\/site\/wp-json\/wp\/v2\/comments?post=685"}],"version-history":[{"count":7,"href":"https:\/\/rccdf.org.br\/site\/wp-json\/wp\/v2\/pages\/685\/revisions"}],"predecessor-version":[{"id":694,"href":"https:\/\/rccdf.org.br\/site\/wp-json\/wp\/v2\/pages\/685\/revisions\/694"}],"wp:attachment":[{"href":"https:\/\/rccdf.org.br\/site\/wp-json\/wp\/v2\/media?parent=685"}],"curies":[{"name":"wp","href":"https:\/\/api.w.org\/{rel}","templated":true}]}}