{"id":675,"date":"2023-05-25T23:43:31","date_gmt":"2023-05-26T02:43:31","guid":{"rendered":"https:\/\/rccdf.org.br\/site\/?page_id=675"},"modified":"2023-05-25T23:47:18","modified_gmt":"2023-05-26T02:47:18","slug":"ministerio-de-formacao","status":"publish","type":"page","link":"https:\/\/rccdf.org.br\/site\/ministerio-de-formacao\/","title":{"rendered":"Minist\u00e9rio de Forma\u00e7\u00e3o"},"content":{"rendered":"\t\t<div data-elementor-type=\"wp-page\" data-elementor-id=\"675\" class=\"elementor elementor-675\" data-elementor-post-type=\"page\">\n\t\t\t\t<div class=\"elementor-element elementor-element-7fa1ec5 e-flex e-con-boxed e-con e-parent\" data-id=\"7fa1ec5\" data-element_type=\"container\" data-e-type=\"container\">\n\t\t\t\t\t<div class=\"e-con-inner\">\n\t\t\t\t\t<\/div>\n\t\t\t\t<\/div>\n\t\t<div class=\"elementor-element elementor-element-5845aae e-flex e-con-boxed e-con e-parent\" data-id=\"5845aae\" data-element_type=\"container\" data-e-type=\"container\">\n\t\t\t\t\t<div class=\"e-con-inner\">\n\t\t\t\t<div class=\"elementor-element elementor-element-cae23b1 e-transform elementor-widget elementor-widget-image\" data-id=\"cae23b1\" data-element_type=\"widget\" data-e-type=\"widget\" data-settings=\"{&quot;_transform_scaleX_effect&quot;:{&quot;unit&quot;:&quot;px&quot;,&quot;size&quot;:1,&quot;sizes&quot;:[]},&quot;_transform_scaleY_effect&quot;:{&quot;unit&quot;:&quot;px&quot;,&quot;size&quot;:0.90000000000000002220446049250313080847263336181640625,&quot;sizes&quot;:[]},&quot;_transform_scaleX_effect_tablet&quot;:{&quot;unit&quot;:&quot;px&quot;,&quot;size&quot;:&quot;&quot;,&quot;sizes&quot;:[]},&quot;_transform_scaleX_effect_mobile&quot;:{&quot;unit&quot;:&quot;px&quot;,&quot;size&quot;:&quot;&quot;,&quot;sizes&quot;:[]},&quot;_transform_scaleY_effect_tablet&quot;:{&quot;unit&quot;:&quot;px&quot;,&quot;size&quot;:&quot;&quot;,&quot;sizes&quot;:[]},&quot;_transform_scaleY_effect_mobile&quot;:{&quot;unit&quot;:&quot;px&quot;,&quot;size&quot;:&quot;&quot;,&quot;sizes&quot;:[]}}\" data-widget_type=\"image.default\">\n\t\t\t\t<div class=\"elementor-widget-container\">\n\t\t\t\t\t\t\t\t\t\t\t\t\t\t\t<img fetchpriority=\"high\" decoding=\"async\" width=\"1140\" height=\"400\" src=\"https:\/\/rccdf.org.br\/site\/wp-content\/uploads\/2023\/05\/Banners-formacao-1.png\" class=\"attachment-full size-full wp-image-674\" alt=\"\" srcset=\"https:\/\/rccdf.org.br\/site\/wp-content\/uploads\/2023\/05\/Banners-formacao-1.png 1140w, https:\/\/rccdf.org.br\/site\/wp-content\/uploads\/2023\/05\/Banners-formacao-1-600x211.png 600w, https:\/\/rccdf.org.br\/site\/wp-content\/uploads\/2023\/05\/Banners-formacao-1-300x105.png 300w, https:\/\/rccdf.org.br\/site\/wp-content\/uploads\/2023\/05\/Banners-formacao-1-1024x359.png 1024w, https:\/\/rccdf.org.br\/site\/wp-content\/uploads\/2023\/05\/Banners-formacao-1-768x269.png 768w\" sizes=\"(max-width: 1140px) 100vw, 1140px\" \/>\t\t\t\t\t\t\t\t\t\t\t\t\t\t\t<\/div>\n\t\t\t\t<\/div>\n\t\t\t\t\t<\/div>\n\t\t\t\t<\/div>\n\t\t<div class=\"elementor-element elementor-element-1506392 e-flex e-con-boxed e-con e-parent\" data-id=\"1506392\" data-element_type=\"container\" data-e-type=\"container\">\n\t\t\t\t\t<div class=\"e-con-inner\">\n\t\t\t\t<div class=\"elementor-element elementor-element-782d6a4 elementor-widget elementor-widget-text-editor\" data-id=\"782d6a4\" data-element_type=\"widget\" data-e-type=\"widget\" data-widget_type=\"text-editor.default\">\n\t\t\t\t<div class=\"elementor-widget-container\">\n\t\t\t\t\t\t\t\t\t<p>O\u00a0<strong>Minist\u00e9rio de Forma\u00e7\u00e3o<\/strong>\u00a0surgiu da necessidade de forma\u00e7\u00e3o permanente daqueles que est\u00e3o no seguimento e no servi\u00e7o do Senhor dentro da Renova\u00e7\u00e3o Carism\u00e1tica Cat\u00f3lica.<br \/><span style=\"color: var( --e-global-color-text );\"><br \/>O\u00a0<\/span><strong style=\"color: var( --e-global-color-text );\">objetivo<\/strong><span style=\"color: var( --e-global-color-text );\">\u00a0deste minist\u00e9rio \u00e9 formar crist\u00e3os aptos a dizerem ao mundo a raz\u00e3o de sua f\u00e9 e de sua esperan\u00e7a, assim como formar l\u00edderes\/servos para que atuem na RCC capacitados e renovados em sua identidade, unidade e miss\u00e3o. O Minist\u00e9rio de Forma\u00e7\u00e3o \u00e9 respons\u00e1vel por prover a forma\u00e7\u00e3o geral de todos os membros da RCC, servos ou n\u00e3o, assegurando-lhes \u201cn\u00e3o se perderem por falta de conhecimento\u201d (cf Os. 4, 6a) e \u201cn\u00e3o se deixarem levar por qualquer sopro de doutrina\u201d (cf 2 Tm 4, 3; Ef 4, 14).<\/span><\/p><p><span style=\"color: var( --e-global-color-text );\"><br \/>A\u00a0<\/span><strong style=\"color: var( --e-global-color-text );\">forma\u00e7\u00e3o \u00e9 um carisma<\/strong><span style=\"color: var( --e-global-color-text );\">\u00a0que nos capacita a realizarmos a vontade do Senhor, que diz: \u201cIde, pois, e ensinai a todas as na\u00e7\u00f5es; batizai-as em nome do Pai, do Filho e do Esp\u00edrito Santo. Ensinai-as a observar tudo o que vos prescrevi.\u201d (Mt. 28, 19-20); \u201cO que de mim ouviste em presen\u00e7a de muitas testemunhas, confia-o a homens fi\u00e9is que sejam capazes de instruir a outros.\u201d (cf. 2 Tm 2, 1-2b). Como um carisma espec\u00edfico para o ensino deve ser tamb\u00e9m acompanhado por outros carismas que ir\u00e3o tornar fecunda a sua miss\u00e3o, como a Palavra de Ci\u00eancia, a Palavra de Sabedoria, o Discernimento dos esp\u00edritos, a Profecia, as L\u00ednguas, a F\u00e9, a Cura e os Milagres. Assim os encontros de forma\u00e7\u00e3o devem refletir e conduzir \u00e0 experi\u00eancia da genu\u00edna identidade da Renova\u00e7\u00e3o Carism\u00e1tica Cat\u00f3lica.<\/span><\/p><p>O\u00a0<strong>campo de atua\u00e7\u00e3o<\/strong>\u00a0espec\u00edfica do Minist\u00e9rio de Forma\u00e7\u00e3o abrange:<\/p><ul><li>Ministra\u00e7\u00e3o do M\u00f3dulo B\u00e1sico de Forma\u00e7\u00e3o da RCCBRASIL (um conjunto de 11 apostilas);<\/li><li>Ministra\u00e7\u00e3o do M\u00f3dulo de Forma\u00e7\u00e3o de Formadores (composto por 3 apostilas);<\/li><li>Ministra\u00e7\u00e3o do M\u00f3dulo de Forma\u00e7\u00e3o para Coordenadores (composto por 3 apostilas) ;<\/li><li>Ministra\u00e7\u00e3o dos ensinos nos Grupos de Perseveran\u00e7a (composto por 3 apostilas, at\u00e9 o momento duas lan\u00e7adas);<\/li><li>Ministra\u00e7\u00e3o da forma\u00e7\u00e3o geral de servos, conforme necessidades\/demanda local.<\/li><\/ul><p><br \/>Por fim,\u00a0<strong>o processo formativo da RCC Brasil<\/strong>\u00a0\u00e9 cont\u00ednuo e gradual buscando oferecer forma\u00e7\u00e3o s\u00f3lida e experiencial a todos os participantes da RCC, bem como inser\u00e7\u00e3o sempre mais amadurecida na comunidade eclesial e com decidida missionariedade. \u00c9 importante salientar que o processo formativo da Renova\u00e7\u00e3o Carism\u00e1tica Cat\u00f3lica do Brasil n\u00e3o \u00e9 e n\u00e3o poderia ser diverso daquele que \u00e9 proposto pela M\u00e3e Igreja atrav\u00e9s de seu Sagrado Magist\u00e9rio. Esse processo na RCC \u00e9 composto basicamente de 3 etapas bem definidas e complementares entre si:\u00a0<strong>Inicia\u00e7\u00e3o Querigm\u00e1tica, M\u00f3dulo B\u00e1sico de Forma\u00e7\u00e3o e Forma\u00e7\u00f5es espec\u00edficas dos diversos Minist\u00e9rios.<\/strong><\/p>\t\t\t\t\t\t\t\t<\/div>\n\t\t\t\t<\/div>\n\t\t\t\t\t<\/div>\n\t\t\t\t<\/div>\n\t\t\t\t<\/div>\n\t\t","protected":false},"excerpt":{"rendered":"<p>O\u00a0Minist\u00e9rio de Forma\u00e7\u00e3o\u00a0surgiu da necessidade de forma\u00e7\u00e3o permanente daqueles que est\u00e3o no seguimento e no servi\u00e7o do Senhor dentro da Renova\u00e7\u00e3o Carism\u00e1tica Cat\u00f3lica. O\u00a0objetivo\u00a0deste minist\u00e9rio \u00e9 formar crist\u00e3os aptos a dizerem ao mundo a raz\u00e3o de sua f\u00e9 e de sua esperan\u00e7a, assim como formar l\u00edderes\/servos para que atuem na RCC capacitados e renovados em [&hellip;]<\/p>\n","protected":false},"author":1,"featured_media":0,"parent":0,"menu_order":0,"comment_status":"closed","ping_status":"closed","template":"elementor_header_footer","meta":{"footnotes":""},"class_list":["post-675","page","type-page","status-publish","hentry"],"_links":{"self":[{"href":"https:\/\/rccdf.org.br\/site\/wp-json\/wp\/v2\/pages\/675","targetHints":{"allow":["GET"]}}],"collection":[{"href":"https:\/\/rccdf.org.br\/site\/wp-json\/wp\/v2\/pages"}],"about":[{"href":"https:\/\/rccdf.org.br\/site\/wp-json\/wp\/v2\/types\/page"}],"author":[{"embeddable":true,"href":"https:\/\/rccdf.org.br\/site\/wp-json\/wp\/v2\/users\/1"}],"replies":[{"embeddable":true,"href":"https:\/\/rccdf.org.br\/site\/wp-json\/wp\/v2\/comments?post=675"}],"version-history":[{"count":7,"href":"https:\/\/rccdf.org.br\/site\/wp-json\/wp\/v2\/pages\/675\/revisions"}],"predecessor-version":[{"id":683,"href":"https:\/\/rccdf.org.br\/site\/wp-json\/wp\/v2\/pages\/675\/revisions\/683"}],"wp:attachment":[{"href":"https:\/\/rccdf.org.br\/site\/wp-json\/wp\/v2\/media?parent=675"}],"curies":[{"name":"wp","href":"https:\/\/api.w.org\/{rel}","templated":true}]}}