{"id":204,"date":"2023-03-15T22:22:48","date_gmt":"2023-03-16T01:22:48","guid":{"rendered":"https:\/\/rccdf.org.br\/site\/?page_id=204"},"modified":"2023-06-13T21:03:32","modified_gmt":"2023-06-14T00:03:32","slug":"nossa-historia","status":"publish","type":"page","link":"https:\/\/rccdf.org.br\/site\/nossa-historia\/","title":{"rendered":"Nossa Hist\u00f3ria"},"content":{"rendered":"\t\t<div data-elementor-type=\"wp-page\" data-elementor-id=\"204\" class=\"elementor elementor-204\" data-elementor-post-type=\"page\">\n\t\t\t\t<div class=\"elementor-element elementor-element-0636e25 e-flex e-con-boxed e-con e-parent\" data-id=\"0636e25\" data-element_type=\"container\" data-e-type=\"container\" data-settings=\"{&quot;background_background&quot;:&quot;classic&quot;}\">\n\t\t\t\t\t<div class=\"e-con-inner\">\n\t\t\t\t<div class=\"elementor-element elementor-element-dce76a0 elementor-widget elementor-widget-text-editor\" data-id=\"dce76a0\" data-element_type=\"widget\" data-e-type=\"widget\" data-widget_type=\"text-editor.default\">\n\t\t\t\t<div class=\"elementor-widget-container\">\n\t\t\t\t\t\t\t\t\t<h2 style=\"text-align: center;\">&nbsp;A Nossa Hist\u00f3ria<\/h2>\n<p><span style=\"background-color: transparent; font-family: var( --e-global-typography-text-font-family ), Sans-serif; font-weight: var( --e-global-typography-text-font-weight );\">&nbsp;<\/span><\/p>\n<h2 style=\"text-align: center;\"><img fetchpriority=\"high\" decoding=\"async\" class=\"size-medium wp-image-856 alignleft\" src=\"https:\/\/rccdf.org.br\/site\/wp-content\/uploads\/2023\/06\/rebanhao-1-180x300.jpeg\" alt=\"\" width=\"180\" height=\"300\" srcset=\"https:\/\/rccdf.org.br\/site\/wp-content\/uploads\/2023\/06\/rebanhao-1-180x300.jpeg 180w, https:\/\/rccdf.org.br\/site\/wp-content\/uploads\/2023\/06\/rebanhao-1-600x1001.jpeg 600w, https:\/\/rccdf.org.br\/site\/wp-content\/uploads\/2023\/06\/rebanhao-1-614x1024.jpeg 614w, https:\/\/rccdf.org.br\/site\/wp-content\/uploads\/2023\/06\/rebanhao-1-768x1281.jpeg 768w, https:\/\/rccdf.org.br\/site\/wp-content\/uploads\/2023\/06\/rebanhao-1-921x1536.jpeg 921w, https:\/\/rccdf.org.br\/site\/wp-content\/uploads\/2023\/06\/rebanhao-1.jpeg 959w\" sizes=\"(max-width: 180px) 100vw, 180px\" \/><\/h2>\n<p><span style=\"background-color: transparent; font-family: var( --e-global-typography-text-font-family ), Sans-serif; font-weight: var( --e-global-typography-text-font-weight );\">A Renova\u00e7\u00e3o Carism\u00e1tica Cat\u00f3lica do Distrito Federal possui mais de 220 grupos de ora\u00e7\u00e3o e est\u00e1 organizada nos mesmos moldes da Arquidiocese de Bras\u00edlia, em 15 setores. Em 2023 a RCC-DF completa 50 anos e possui um Conselho Distrital que \u00e9 composto pela Presid\u00eancia, Secretaria Geral, Tesoureiro, Membros Convidados, Coordenadores de Setores e de Minist\u00e9rios. Para conhecer o conselho atual, acesse a p\u00e1gina: Conselho Distrital.<br><\/span><br><span style=\"background-color: transparent; font-family: var( --e-global-typography-text-font-family ), Sans-serif; font-weight: var( --e-global-typography-text-font-weight );\">O Grupo de Ora\u00e7\u00e3o semanal \u00e9 a c\u00e9lula principal da RCC e estes acontecem com o aux\u00edlio do que se denomina na RCC de Minist\u00e9rios. Os minist\u00e9rios no \u00e2mbito da RCC abrangem: Prega\u00e7\u00e3o, Forma\u00e7\u00e3o, M\u00fasica e Artes, Intercess\u00e3o, Ora\u00e7\u00e3o por Cura e Liberta\u00e7\u00e3o, Fam\u00edlias, Crian\u00e7as, Jovem, F\u00e9 e Pol\u00edtica, Universidades Renovadas, Intercess\u00e3o, Comunica\u00e7\u00e3o Social, Promo\u00e7\u00e3o Humana, Cristo Sacerdote, Seminaristas e Religiosas e Consagradas.<br><\/span><br><span style=\"background-color: transparent; font-family: var( --e-global-typography-text-font-family ), Sans-serif; font-weight: var( --e-global-typography-text-font-weight );\">Al\u00e9m dos grupos de ora\u00e7\u00e3o semanais, a RCC DF re\u00fane bimestralmente todos os servos para um encontro, Cen\u00e1culo de Servos, a fim de gerar unidade com todos os setores. Em \u00e2mbito setorial, acontece mensalmente, as escolas de Servos, onde se re\u00fanem todos os servos do setor para aprofundamento e forma\u00e7\u00e3o.<br><\/span><br><span style=\"background-color: transparent; font-family: var( --e-global-typography-text-font-family ), Sans-serif; font-weight: var( --e-global-typography-text-font-weight );\">A RCC DF tem como servi\u00e7o ainda, uma comiss\u00e3o para aux\u00edlio a uma livraria, onde vende materiais de forma\u00e7\u00e3o e artigos religiosos a pre\u00e7os populares para difus\u00e3o da f\u00e9 cat\u00f3lica e aprofundamento da espiritualidade carism\u00e1tica.<\/span><br><span style=\"background-color: transparent; font-family: var( --e-global-typography-text-font-family ), Sans-serif; font-weight: var( --e-global-typography-text-font-weight );\">No tocante \u00e0s obras sociais, a RCC DF mant\u00e9m um Lar de Idosos localizado em Planaltina, a Comunidade de Renova\u00e7\u00e3o, Esperan\u00e7a e Vida Nova (CREVIN).<br><\/span><br><span style=\"background-color: transparent; font-family: var( --e-global-typography-text-font-family ), Sans-serif; font-weight: var( --e-global-typography-text-font-weight );\">Tem-se ainda um programa na R\u00e1dio Nova Alian\u00e7a, todos os s\u00e1bados a partir das 20h, sendo levado aos diversos lares um Grupo de Ora\u00e7\u00e3o com prega\u00e7\u00e3o, m\u00fasica e muita ora\u00e7\u00e3o.<br><\/span><\/p>\n<h2 style=\"text-align: center;\"><img decoding=\"async\" class=\"size-medium wp-image-857 alignleft\" src=\"https:\/\/rccdf.org.br\/site\/wp-content\/uploads\/2023\/06\/rebanhao-2-180x300.jpeg\" alt=\"\" width=\"180\" height=\"300\" srcset=\"https:\/\/rccdf.org.br\/site\/wp-content\/uploads\/2023\/06\/rebanhao-2-180x300.jpeg 180w, https:\/\/rccdf.org.br\/site\/wp-content\/uploads\/2023\/06\/rebanhao-2-600x1001.jpeg 600w, https:\/\/rccdf.org.br\/site\/wp-content\/uploads\/2023\/06\/rebanhao-2-614x1024.jpeg 614w, https:\/\/rccdf.org.br\/site\/wp-content\/uploads\/2023\/06\/rebanhao-2-768x1281.jpeg 768w, https:\/\/rccdf.org.br\/site\/wp-content\/uploads\/2023\/06\/rebanhao-2-921x1536.jpeg 921w, https:\/\/rccdf.org.br\/site\/wp-content\/uploads\/2023\/06\/rebanhao-2.jpeg 959w\" sizes=\"(max-width: 180px) 100vw, 180px\" \/><\/h2>\n<p><span style=\"background-color: transparent; font-family: var( --e-global-typography-text-font-family ), Sans-serif; font-weight: var( --e-global-typography-text-font-weight );\">Outros eventos que mostram a pot\u00eancia da RCC DF s\u00e3o o Rebanh\u00e3o, encontro de carnaval e o Vem Louvar, que acontece no fim do ano. Em 2013, o Rebanh\u00e3o atingiu um p\u00fablico com participa\u00e7\u00e3o de mais de 35 mil pessoas do DF e entorno durante os tr\u00eas dias de carnaval. As edi\u00e7\u00f5es do evento conta com missas, adora\u00e7\u00e3o, prega\u00e7\u00e3o, e muita m\u00fasica cat\u00f3lica em ritmos carnavalescos. Em 2014, foram celebrados os 30 anos do Vem Louvar que tem entrada franca, assim como o Rebanh\u00e3o, e tem como objetivo reunir a comunidade cat\u00f3lica para um fim de semana de louvor a Deus e adora\u00e7\u00e3o, com show cat\u00f3licos e programa\u00e7\u00e3o variada.&nbsp;<\/span><br><span style=\"background-color: transparent; font-family: var( --e-global-typography-text-font-family ), Sans-serif; font-weight: var( --e-global-typography-text-font-weight );\"><br>Para saber outras informa\u00e7\u00f5es sobre a RCC DF, acesse os canais de comunica\u00e7\u00e3o da RCC ou dirija-se ao escrit\u00f3rio localizado \u00e0 Quadra 601 Sul (SGAS ), m\u00f3dulo s 3\/4, L2 Sul (no pr\u00e9dio da R\u00e1dio Nova Alian\u00e7a), atr\u00e1s da Par\u00f3quia Bom Jesus.<\/span><\/p><p><span style=\"background-color: transparent; font-family: var( --e-global-typography-text-font-family ), Sans-serif; font-weight: var( --e-global-typography-text-font-weight );\"><br><\/span><\/p><p><span style=\"background-color: transparent; font-family: var( --e-global-typography-text-font-family ), Sans-serif; font-weight: var( --e-global-typography-text-font-weight );\"><br><\/span><\/p>\t\t\t\t\t\t\t\t<\/div>\n\t\t\t\t<\/div>\n\t\t<div class=\"elementor-element elementor-element-6adf759 e-flex e-con-boxed e-con e-parent\" data-id=\"6adf759\" data-element_type=\"container\" data-e-type=\"container\">\n\t\t\t\t\t<div class=\"e-con-inner\">\n\t\t\t\t<div class=\"elementor-element elementor-element-2284c26 elementor-widget elementor-widget-text-editor\" data-id=\"2284c26\" data-element_type=\"widget\" data-e-type=\"widget\" data-widget_type=\"text-editor.default\">\n\t\t\t\t<div class=\"elementor-widget-container\">\n\t\t\t\t\t\t\t\t\t<h2 style=\"text-align: center;\">In\u00edcio de tudo<\/h2><p>Irm\u00e3 Berenice foi quem iniciou o primeiro grupo de ora\u00e7\u00e3o no Santu\u00e1rio Nossa Senhora de F\u00e1tima, 906 sul e o Frei Odorico foi o incentivador e quem acompanhou os primeiros passos deste grupo de ora\u00e7\u00e3o.<\/p><p>Dom Geraldo do Esp\u00edrito Santo D\u2019\u00c1vila, ent\u00e3o bispo auxiliar de Bras\u00edlia e depois Arcebispo Militar do Brasil, foi o primeiro bispo assistente do Conselho Nacional da RCC Brasil.<\/p><p>O in\u00edcio da RCC no Distrito Federal se deu ap\u00f3s alguns jovens terem participado de um SVES na cidade de An\u00e1polis &#8211; GO. Este pequeno rebanho, cheio do Esp\u00edrito Santo, ao retornar para Bras\u00edlia, procurou formar outros grupos em suas respectivas Par\u00f3quias e resid\u00eancias: Nossa Senhora das Dores (Cruzeiro Velho); resid\u00eancia do casal Mansur no Lago Sul e que anos depois foi transferido para a Par\u00f3quia Nossa Senhora do Perp\u00e9tuo Socorro, na mesma regi\u00e3o. Este referido grupo era formado inicialmente por jovens, oriundos do Grupo de Ora\u00e7\u00e3o da Par\u00f3quia. Nesta mesma \u00e9poca, Dom \u00c1vila, que ainda era Monsenhor, deu grande for\u00e7a a esta espiritualidade que come\u00e7ava desabrochar na Arquidiocese de Bras\u00edlia.<\/p><p>Em janeiro de 1979, chegou a Bras\u00edlia Ad\u00e9cio Sartori, ent\u00e3o participante da Renova\u00e7\u00e3o Carism\u00e1tica em Ribeir\u00e3o Preto-SP desde 1977. A Comunidade de Ribeir\u00e3o Preto era forte e cheia de dons. Os leigos j\u00e1 tinham adquirido experi\u00eancia e aprofundamento nos dons e carismas. Assim, Ad\u00e9cio resolveu, com a ajuda de Irm\u00e3 D\u00e9bora Domiciano, que coordenava um grupo Jovem na Par\u00f3quia Nossa Senhora do Perp\u00e9tuo Socorro de Taguatinga Centro, trazer um \u00f4nibus lotado de leigos, com Padre Primitivo Baltazar, para ministrarem a primeira experi\u00eancia de Ora\u00e7\u00e3o Querigm\u00e1tica, com leigos dando palestras e coordenando. Os participantes inscritos para fazerem a experi\u00eancia eram jovens adolescentes de 14 a 17 anos, o que estranhou muito a equipe, que se recusou inicialmente a ministrar a experi\u00eancia. Com a interven\u00e7\u00e3o do Padre Primitivo aceitaram ficar. Na viagem para Bras\u00edlia a equipe orava e os textos b\u00edblicos falavam de jovens e crian\u00e7as: \u201cDeixai vir a mim as criancinhas&#8230;\u201d Foi muita ben\u00e7\u00e3o de Deus. Os jovens aceitaram a espiritualidade carism\u00e1tica, sendo que o grupo jovem passou a adotar os carismas da RCC. Como foi muito dif\u00edcil essa empreitada, al\u00e9m de sofrida pelos confrontos da equipe, resolveu-se formar uma equipe aqui mesmo, utilizando-se das orienta\u00e7\u00f5es, esquemas de palestras e hin\u00e1rio de cantos apropriados para que as experi\u00eancias de ora\u00e7\u00e3o querigm\u00e1tica acontecessem. Foi uma a\u00e7\u00e3o poderosa do Esp\u00edrito Santo. Logo a cidade de Taguatinga se incendiou, os grupos de ora\u00e7\u00e3o se multiplicaram e os encontros sucederam-se um ap\u00f3s outro. Irm\u00e3 Elise, do Lar de Velhinhos de Taguatinga Sul era a coordenadora. Confiante no trabalho dos jovens ela deu carta branca para a atua\u00e7\u00e3o. Muitas equipes se formaram e logo todo DF estava coberto da a\u00e7\u00e3o do Esp\u00edrito Santo. Logo as equipes sa\u00edram em miss\u00e3o pelo Estado de Goi\u00e1s, Minas Gerais e mesmo no Estado de S\u00e3o Paulo conforme informa\u00e7\u00f5es anexas de registros desse tempo.<\/p><p>Havia reuni\u00f5es mensais para instru\u00e7\u00e3o partilhas, surgindo as primeiras escolinhas de servos. A orienta\u00e7\u00e3o era de obedi\u00eancia aos sacerdotes que sempre corrigiam, exortavam quanto aos desvios. Intensificou-se a catequese e devo\u00e7\u00f5es marianas para que se mantivesse nos caminhos de f\u00e9 da Santa Igreja Cat\u00f3lica Apost\u00f3lica Romana. Eram milhares de participantes. Formamos equipes de experi\u00eancia de ora\u00e7\u00f5es e, em dado final de semana, ministramos uma dezena de experi\u00eancias ao mesmo tempo. Os grupos se multiplicaram, as par\u00f3quias abriram as portas. Enviamos seminaristas para participar do Renascem em Roma e em outras localidades do Brasil. Tivemos ent\u00e3o os grandes eventos com sacerdotes e religiosos vindos de fora como Padre Degradom Damasceno e Robert De Grandis, Irm\u00e3 Briedge Mac Kena, Prado Flores, Clarita, al\u00e9m dos pregadores nacionais como Padre Jonas Abib, Padre Eduardo Dougert, Sebasti\u00e3o Bernardino coordenador de Goi\u00e1s\/ Goi\u00e2nia e tantos outros.<\/p><p>Havia um jornal chamado M\u00e3os Estendida. Os grandes eventos tiveram cobertura de jornais impressos e televiso em diversos ve\u00edculos de comunica\u00e7\u00e3o.\u00a0<\/p><p><img decoding=\"async\" class=\" wp-image-854 aligncenter\" src=\"https:\/\/rccdf.org.br\/site\/wp-content\/uploads\/2023\/06\/ec791d08-0864-4d92-b019-c442722c7d7f-300x187.jpeg\" alt=\"\" width=\"411\" height=\"256\" srcset=\"https:\/\/rccdf.org.br\/site\/wp-content\/uploads\/2023\/06\/ec791d08-0864-4d92-b019-c442722c7d7f-300x187.jpeg 300w, https:\/\/rccdf.org.br\/site\/wp-content\/uploads\/2023\/06\/ec791d08-0864-4d92-b019-c442722c7d7f-600x374.jpeg 600w, https:\/\/rccdf.org.br\/site\/wp-content\/uploads\/2023\/06\/ec791d08-0864-4d92-b019-c442722c7d7f-1024x639.jpeg 1024w, https:\/\/rccdf.org.br\/site\/wp-content\/uploads\/2023\/06\/ec791d08-0864-4d92-b019-c442722c7d7f-768x479.jpeg 768w, https:\/\/rccdf.org.br\/site\/wp-content\/uploads\/2023\/06\/ec791d08-0864-4d92-b019-c442722c7d7f.jpeg 1061w\" sizes=\"(max-width: 411px) 100vw, 411px\" \/><\/p><h5><b><br \/>Quatro fatos marcantes que contam como surgiu a RCC no Distrito Federal:<\/b><\/h5><p>\u00b7 O 1\u00ba Semin\u00e1rio de Vida no Esp\u00edrito Santo foi coordenado pela Irm\u00e3 Rita Aguilhard, (franciscana que conheceu a RCC nos EUA, sua terra natal), com pessoas que faziam parte dos grupos de ora\u00e7\u00e3o existentes naquela \u00e9poca. Nosso primeiro diretor espiritual foi o Frei Wilmar, Franciscano que retornou de Goi\u00e1s h\u00e1 dois anos e se encontra na Par\u00f3quia Santo Ant\u00f4nio\/Asa Sul.<\/p><p>\u00b7 O 1\u00ba Coordenador foi o Sr. Ronnie Baptista Soares, seguido pelo Sr. Fauzi Mansur, que permaneceu por um per\u00edodo de 4 anos; em seguida, o Sr. Victor Hugo. Ap\u00f3s este, o Sr. Wanderley Campos, Ad\u00e9cio Sartori, Ir. D\u00e9bora, Amelinha Albuquerque, Wilker (atualmente Sacerdote desta Arquidiocese), Sr. Ibraim, Sr. Herculano, Sra. Kedina e atualmente Sra. Keila.<\/p><p>\u00b7 O minist\u00e9rio de Cura e Liberta\u00e7\u00e3o teve in\u00edcio no ano de 1.982, com a coordena\u00e7\u00e3o de Margarida Maria Couto, que na \u00e9poca coordenava tamb\u00e9m os Semin\u00e1rios de Vida no Esp\u00edrito Santo, sendo sucedida pelo Sr. Roberval, Amelinha e outros.<\/p><p>\u00b7 Este grupo inicial promoveu v\u00e1rios Encontros, Experi\u00eancias de Ora\u00e7\u00e3o, Semin\u00e1rios de Vida no Esp\u00edrito, Retiros Espirituais, evangelizando e levando o Esp\u00edrito de Pentecostes \u00e0s cidades circunvizinhas: Formosa, Luzi\u00e2nia, Alvorada do Norte, Posse, Planaltina e demais cidades sat\u00e9lites.<\/p><p>A Irm\u00e3 Trindade, da Arquidiocese de Bras\u00edlia, era a tradutora oficial da RCC Brasil nos grandes eventos pelo pa\u00eds quando vinham sacerdotes estrangeiros como o Pe. Robert De Grandis.<\/p><p>Por muitos anos o Escrit\u00f3rio Nacional da RCC\/DF funcionou em Bras\u00edlia no Setor de R\u00e1dio e Televis\u00e3o Norte no edif\u00edcio Bras\u00edlia R\u00e1dio Center.<br \/><br \/><\/p><h5><b>Voca\u00e7\u00f5es sacerdotais e religiosas a partir dos grupos de ora\u00e7\u00e3o da RCC\/DF:<\/b><\/h5><p>Sim, podemos citar alguns que est\u00e3o na Arquidiocese e tiveram suas voca\u00e7\u00f5es nascidas dentro do movimento da RCC: Padre Wilker Bandeira Claret, Padre Moacir Anast\u00e1cio, Dom Giovanni Caldas Barroca, Padre Paulo Castelhanos, Padre Rambo, Padre Valdete, Frei Fabr\u00edcio do Santu\u00e1rio de S\u00e3o Francisco, Padre R\u00f3ger Ara\u00fajo, Frei Hoslan, Frei Josu\u00e9, entre outros.<\/p><p>O grupo de ora\u00e7\u00e3o do semin\u00e1rio maior da arquidiocese de Bras\u00edlia, que funciona at\u00e9 hoje, iniciou suas atividades em 1987 com 4 seminaristas, entre os quais o Pe. Jos\u00e9 Valdete e o Pe. Oswaldo (hoje em SP).<br \/><br \/><\/p><h5><b>R\u00c1DIO NOVA ALIAN\u00c7A (Funda\u00e7\u00e3o Rainha da Paz): FRUTO DA RCC-DF<\/b><\/h5><p>Um pouco de Nossa Hist\u00f3ria<\/p><p>\u00a0<\/p><p>H\u00e1 30 anos a R\u00e1dio Nova Alian\u00e7a desempenha sua miss\u00e3o de evangelizar e transmitir a Palavra de Deus nos lares. Nossa hist\u00f3ria come\u00e7ou a ser escrita em 1985, com a Renova\u00e7\u00e3o Carism\u00e1tica Cat\u00f3lica que surgia no Distrito Federal.<\/p><p>A vontade era tanta de anunciar a Boa Nova, que um grupo de mulheres procurou a coordena\u00e7\u00e3o da RCC para expor o anseio de se instalar uma emissora de r\u00e1dio em Bras\u00edlia, com o objetivo principal de evangelizar. O ent\u00e3o coordenador da RCC, Ad\u00e9cio Sartori, com um grupo de pessoas, p\u00f4s-se a rezar para discernir se realmente esse projeto seria da vontade de Deus. No texto de Isa\u00edas 40:9, foi poss\u00edvel constatar que n\u00e3o era apenas um ideal e, sim, um prop\u00f3sito de Deus. No Vers\u00edculo 9, o chamado \u00e9 uma certeza. Deus realmente estava \u00e0 frente do projeto.<\/p><p>\u00a0<\/p><p>\u201cSubi a uma alta montanha, para anunciar a Boa Nova a Si\u00e3o, elevai com for\u00e7a a voz, para anunciar a boa nova a Jerusal\u00e9m. Elevai a voz sem receio, Dizei \u00e0s cidades de Jud\u00e1: \u201cEis vosso Deus\u201d! (Is 40:9)<\/p><p>Sem recursos financeiros, mas com muita ora\u00e7\u00e3o nascia em 15 de dezembro de 1987 a Funda\u00e7\u00e3o Rainha da Paz. Depois foi requerido o pedido de outorga de r\u00e1dio educativa AM para Bras\u00edlia, no minist\u00e9rio das comunica\u00e7\u00f5es. Em 27 de setembro de 1988, o ent\u00e3o Presidente da Rep\u00fablica, Jos\u00e9 Sarney, concedeu o canal 710 AM para a Funda\u00e7\u00e3o Rainha da Paz. Surgiam pedras no caminho. Naquele momento a comunidade necessitava muito de recursos financeiros, um terreno consideravelmente grande para a implanta\u00e7\u00e3o do sistema e o mais importante: f\u00e9. Porque a obra teria que surgir do nada, para a Gl\u00f3ria de Deus, que estava \u00e0 frente providenciando tudo.<\/p><p>\u00a0<\/p><p>Com o apoio de engenheiros de telecomunica\u00e7\u00f5es, de recursos financeiros que chegavam em forma de doa\u00e7\u00f5es diversas e o apoio da Comunidade Can\u00e7\u00e3o Nova, t\u00e3o importante para os primeiros passos, no dia 21 de Setembro de 1991, a R\u00e1dio Nova Alian\u00e7a enviou para os ares de Bras\u00edlia o som do amor, da paz e da alegria, em meio a prantos de j\u00fabilo e com muita gratid\u00e3o a Deus, que avan\u00e7ava \u00e0 frente da obra conforme o texto de Isa\u00edas: \u201cIrei eu mesmo diante de ti, aplainando as montanhas, arrebentando os batentes de bronze, arrancando os ferrolhos de ferro\u201d. (Is 45:2).<\/p><p>A mobiliza\u00e7\u00e3o do cardeal Dom Jos\u00e9 Freire Falc\u00e3o para colocar os movimentos na grade de programa\u00e7\u00e3o, a prepara\u00e7\u00e3o do pessoal de locu\u00e7\u00e3o pela Comunidade Can\u00e7\u00e3o Nova, os cursos em S\u00e3o Paulo e Fortaleza e j\u00e1 se podia iniciar definitivamente os trabalhos da nova emissora.<br \/>Inovando em suas mensagens, pois, conforme o seu Estatuto, o objetivo primeiro \u00e9 a evangeliza\u00e7\u00e3o segundoe os ensinamentos da Igreja Cat\u00f3lica Apost\u00f3lica Romana. A Nova Alian\u00e7a fora dedicada \u00e0 Rainha da Paz e nada melhor que associar o dia da inaugura\u00e7\u00e3o oficial a uma data mariana: a anuncia\u00e7\u00e3o do Anjo Gabriel a Maria. Com Santa Missa na Catedral de Bras\u00edlia, no dia 25 de mar\u00e7o de 1992, a R\u00e1dio Nova Alian\u00e7a AM 710 entrava definitivamente no ar, oferecendo uma programa\u00e7\u00e3o diferente e cheia de novidades \u00e0 comunidade de Bras\u00edlia. Nesse tempo a Renova\u00e7\u00e3o Carism\u00e1tica sob a coordena\u00e7\u00e3o de Adecio Sartori trabalhou incansavelmente tamb\u00e9m para a prepara\u00e7\u00e3o da d\u00e9cada de Evangeliza\u00e7\u00e3o que aconteceu de 1990 ao Ano 2000. Com o surgimento da R\u00e1dio a Nova Evangeliza\u00e7\u00e3o seguiu um Caminho pr\u00f3prio, desvinculado tamb\u00e9m da RCC, mas foi fundamental para o surgimento de outro trabalho tamb\u00e9m muito importante na Arquidiocese, o Hallel,. O Hallel contou com a for\u00e7a dos movimentos e servi\u00e7os da Arquidiocese, notadamente a RCC, Evangeliza\u00e7\u00e3o 2000 e R\u00e1dio Nova Alian\u00e7a.Hoje a Nova Evangeliza\u00e7\u00e3o acontece como EESA ( Escolas de Evangeliza\u00e7\u00e3o de Santo Andr\u00e9 )<\/p><p>Depois destes fatos, vieram a capela, as adora\u00e7\u00f5es, os eventos da Nova Alian\u00e7a, os est\u00fadios de produ\u00e7\u00e3o e, tamb\u00e9m, mais uma emissora, a Nova Alian\u00e7a FM 103.3, iniciada oficialmente em 9 de Julho de 2002.\u00a0<\/p><p>Hoje, a R\u00e1dio Nova Alian\u00e7a continua com o prop\u00f3sito de evangelizar, educar, levando aos nossos ouvintes, muita informa\u00e7\u00e3o, cultura, forma\u00e7\u00e3o, consci\u00eancia de cidadania e entretenimento. Irradiar o conhecimento do esplendor de Deus. Eis nossa mensagem, eis nossa grande meta. Tudo isso podemos realizar em Jesus Cristo pelas ondas sonoras das emissoras Nova Alian\u00e7a.\u00a0<span style=\"font-family: var( --e-global-typography-text-font-family ), Sans-serif; font-weight: var( --e-global-typography-text-font-weight ); font-size: 1rem;\">FRUTOS DA RCC\/DF<br \/><br \/><\/span><\/p><p>\u00a0<\/p><h4><b>O VEM LOUVAR<\/b><\/h4><p>\u00a0<\/p><p>UM POUCO DE NOSSA HIST\u00d3RIA. Hist\u00f3ria que constru\u00edmos juntos. Com amor, solidariedade, trabalho, esperan\u00e7a, for\u00e7a da f\u00e9 e tantas outras virtudes que solidificaram os alicerces de nossa vida. I VEM LOUVAR &#8211; Ano Internacional da Juventude &#8211; 1985 &#8211; 15 de dezembro. Era para ser um encontro de juventude com a pastoral da juventude, mas o Esp\u00edrito de Sabedoria falou mais alto atrav\u00e9s de Dom \u00c1vila e fomos orientados a fazer um encontro carism\u00e1tico com temas da juventude para atra\u00ed-los em tempo de reflex\u00e3o profunda e urgente. Assim, no dia do evento jovens de toda localidade do DF e entorno entraram com viol\u00f5es, atabaques, percuss\u00f5es e muita, muita alegria, no Gin\u00e1sio Nilson Nelson. Em tempo de advento e para seguir a voz da Igreja foi escolhido o domingo &#8220;Laetare&#8221; ou &#8220;Gaudete&#8221; para que os cantos de alegria e festa chegassem ao c\u00e9u. Outros sucederam-se e permanecem at\u00e9 hoje, gra\u00e7as a Deus e aos coordenadores da RCC que se empenham para seguir as aspira\u00e7\u00f5es do Esp\u00edrito Santo. Muitos de meus amigos estiveram l\u00e1. Vamos recordar e compartilhar para matarmos a saudade. Assim alimentamos o desejo do encontro, que sempre nos aperfei\u00e7oa no ato de amar.<\/p><h1 style=\"text-align: center;\"><img loading=\"lazy\" decoding=\"async\" class=\"alignnone wp-image-855\" src=\"https:\/\/rccdf.org.br\/site\/wp-content\/uploads\/2023\/06\/bd05a5e4-7683-4c32-bb78-7730051a0208-300x169.jpg\" alt=\"\" width=\"375\" height=\"211\" srcset=\"https:\/\/rccdf.org.br\/site\/wp-content\/uploads\/2023\/06\/bd05a5e4-7683-4c32-bb78-7730051a0208-300x169.jpg 300w, https:\/\/rccdf.org.br\/site\/wp-content\/uploads\/2023\/06\/bd05a5e4-7683-4c32-bb78-7730051a0208.jpg 575w\" sizes=\"(max-width: 375px) 100vw, 375px\" \/><\/h1><p>Foto: jovens da equipe de ornamenta\u00e7\u00e3o, v\u00e9spera do in\u00edcio do II Vem Louvar, dezembro\/1987<\/p><h4><b>CREVIN<\/b><\/h4><p>Na mesma \u00e9poca em que foi inspirada a R\u00e1dio Nova Alian\u00e7a (final da d\u00e9cada de 1980), a comunidade da RCC de Planaltina, sentiu a inspira\u00e7\u00e3o para abrir um asilo para idosos naquela regi\u00e3o administrativa. O terreno foi doado e, com muito custo, iniciou-se a obra, capitaneada por pessoas como Zenon, Salvador Maria Ricarda.<\/p><p>Maiores informa\u00e7\u00f5es: http:\/\/rccdf.org.br\/portal\/crevin-2\/<\/p>\t\t\t\t\t\t\t\t<\/div>\n\t\t\t\t<\/div>\n\t\t\t\t\t<\/div>\n\t\t\t\t<\/div>\n\t\t\t\t\t<\/div>\n\t\t\t\t<\/div>\n\t\t\t\t<\/div>\n\t\t","protected":false},"excerpt":{"rendered":"<p>&nbsp;A Nossa Hist\u00f3ria &nbsp; A Renova\u00e7\u00e3o Carism\u00e1tica Cat\u00f3lica do Distrito Federal possui mais de 220 grupos de ora\u00e7\u00e3o e est\u00e1 organizada nos mesmos moldes da Arquidiocese de Bras\u00edlia, em 15 setores. Em 2023 a RCC-DF completa 50 anos e possui um Conselho Distrital que \u00e9 composto pela Presid\u00eancia, Secretaria Geral, Tesoureiro, Membros Convidados, Coordenadores de [&hellip;]<\/p>\n","protected":false},"author":1,"featured_media":0,"parent":0,"menu_order":0,"comment_status":"closed","ping_status":"closed","template":"elementor_header_footer","meta":{"footnotes":""},"class_list":["post-204","page","type-page","status-publish","hentry"],"_links":{"self":[{"href":"https:\/\/rccdf.org.br\/site\/wp-json\/wp\/v2\/pages\/204","targetHints":{"allow":["GET"]}}],"collection":[{"href":"https:\/\/rccdf.org.br\/site\/wp-json\/wp\/v2\/pages"}],"about":[{"href":"https:\/\/rccdf.org.br\/site\/wp-json\/wp\/v2\/types\/page"}],"author":[{"embeddable":true,"href":"https:\/\/rccdf.org.br\/site\/wp-json\/wp\/v2\/users\/1"}],"replies":[{"embeddable":true,"href":"https:\/\/rccdf.org.br\/site\/wp-json\/wp\/v2\/comments?post=204"}],"version-history":[{"count":26,"href":"https:\/\/rccdf.org.br\/site\/wp-json\/wp\/v2\/pages\/204\/revisions"}],"predecessor-version":[{"id":864,"href":"https:\/\/rccdf.org.br\/site\/wp-json\/wp\/v2\/pages\/204\/revisions\/864"}],"wp:attachment":[{"href":"https:\/\/rccdf.org.br\/site\/wp-json\/wp\/v2\/media?parent=204"}],"curies":[{"name":"wp","href":"https:\/\/api.w.org\/{rel}","templated":true}]}}